{"id":11260,"date":"2015-08-26T09:38:00","date_gmt":"2015-08-26T09:38:00","guid":{"rendered":"http:\/\/electroimplicate.es\/?page_id=11260"},"modified":"2018-03-16T11:13:41","modified_gmt":"2018-03-16T11:13:41","slug":"campina-y-subbetica-de-cordoba","status":"publish","type":"page","link":"https:\/\/www.fael.es\/electroimplicate\/puntos-adheridos\/campina-y-subbetica-de-cordoba\/","title":{"rendered":"Campi\u00f1a y Subb\u00e9tica de C\u00f3rdoba"},"content":{"rendered":"\n<table id=\"tablepress-11\" class=\"tablepress tablepress-id-11\">\n<thead>\n<tr class=\"row-1 odd\">\n\t<th class=\"column-1\">ESTABLECIMIENTO<\/th><th class=\"column-2\">DIRECCI\u00d3N<\/th><th class=\"column-3\">C\u00d3DIGO POSTAL<\/th><th class=\"column-4\">LOCALIDAD<\/th><th class=\"column-5\">PROVINCIA<\/th>\n<\/tr>\n<\/thead>\n<tbody class=\"row-hover\">\n<tr class=\"row-2 even\">\n\t<td class=\"column-1\">ESTABLECIMIENTOS PRIETO<\/td><td class=\"column-2\">CALLE MERCADERES, 2<\/td><td class=\"column-3\">14920<\/td><td class=\"column-4\">AGUILAR DE LA FRONTERA<\/td><td class=\"column-5\">CORDOBA<\/td>\n<\/tr>\n<tr class=\"row-3 odd\">\n\t<td class=\"column-1\">COMERCIAL HNOS PALMA CLAROS (IDEAMAX)<\/td><td class=\"column-2\">CALLE MONTURQUE, 14<\/td><td class=\"column-3\">14920<\/td><td class=\"column-4\">AGUILAR DE LA FRONTERA<\/td><td class=\"column-5\">CORDOBA<\/td>\n<\/tr>\n<tr class=\"row-4 even\">\n\t<td class=\"column-1\">COMERCIAL HNOS PALMA CLAROS (IDEAMAX)<\/td><td class=\"column-2\">CALLE ANDALUCIA, 5<\/td><td class=\"column-3\">14920<\/td><td class=\"column-4\">AGUILAR DE LA FRONTERA<\/td><td class=\"column-5\">CORDOBA<\/td>\n<\/tr>\n<tr class=\"row-5 odd\">\n\t<td class=\"column-1\">ELECTRODOMESTICOS ADRIANO<\/td><td class=\"column-2\">CALLE ISABEL LA CATOLICA, 2 BAJO<\/td><td class=\"column-3\">23680<\/td><td class=\"column-4\">ALCALA LA REAL<\/td><td class=\"column-5\">JAEN<\/td>\n<\/tr>\n<tr class=\"row-6 even\">\n\t<td class=\"column-1\">JIMENEZ SAEZ INSTALACIONES<\/td><td class=\"column-2\">CALLE MARIA ZAMBRANO, 17 <\/td><td class=\"column-3\">23680<\/td><td class=\"column-4\">ALCALA LA REAL<\/td><td class=\"column-5\">JAEN<\/td>\n<\/tr>\n<tr class=\"row-7 odd\">\n\t<td class=\"column-1\">TORRELLANOS MUEBLES<\/td><td class=\"column-2\">POLIGONO INDUSTRIAL FUENTE GRANADA, CALLE GENIL, 41<\/td><td class=\"column-3\">23680<\/td><td class=\"column-4\">ALCALA LA REAL<\/td><td class=\"column-5\">JAEN<\/td>\n<\/tr>\n<tr class=\"row-8 even\">\n\t<td class=\"column-1\">MILAR ALCALA<\/td><td class=\"column-2\">CALLE FIGUERAS, 3, TERCERO IZQUIERDA<\/td><td class=\"column-3\">23680<\/td><td class=\"column-4\">ALCALA LA REAL<\/td><td class=\"column-5\">JAEN<\/td>\n<\/tr>\n<tr class=\"row-9 odd\">\n\t<td class=\"column-1\">ELECTRODOMESTICOS PULIDO Y PEREZ SL<\/td><td class=\"column-2\">AVENIDA IBEROAMERICA, S\/N<\/td><td class=\"column-3\">23680<\/td><td class=\"column-4\">ALCALA LA REAL<\/td><td class=\"column-5\">JAEN<\/td>\n<\/tr>\n<tr class=\"row-10 even\">\n\t<td class=\"column-1\">DISOLGAS ENERGY<\/td><td class=\"column-2\">CALLE TORRE DEL FAROL, 3 BAJO<\/td><td class=\"column-3\">23680<\/td><td class=\"column-4\">ALCALA LA REAL<\/td><td class=\"column-5\">JAEN<\/td>\n<\/tr>\n<tr class=\"row-11 odd\">\n\t<td class=\"column-1\">ELECTROSAT CASTILLO<\/td><td class=\"column-2\">CALLE BOLIVIA, 2 BAJO<\/td><td class=\"column-3\">23680<\/td><td class=\"column-4\">ALCALA LA REAL<\/td><td class=\"column-5\">JAEN<\/td>\n<\/tr>\n<tr class=\"row-12 even\">\n\t<td class=\"column-1\">MASELECTRO<\/td><td class=\"column-2\">AVENIDA ANDALUCIA, 21<\/td><td class=\"column-3\">23660<\/td><td class=\"column-4\">ALCAUDETE<\/td><td class=\"column-5\">JAEN<\/td>\n<\/tr>\n<tr class=\"row-13 odd\">\n\t<td class=\"column-1\">ELECTRODOMESTICOS PULIDO Y PEREZ SL<\/td><td class=\"column-2\">CALLE ZAGALES, 28<\/td><td class=\"column-3\">23660<\/td><td class=\"column-4\">ALCAUDETE<\/td><td class=\"column-5\">JAEN<\/td>\n<\/tr>\n<tr class=\"row-14 even\">\n\t<td class=\"column-1\">ELECTRODOMESTICOS JOSE ARANDA<\/td><td class=\"column-2\">CALLE CAMPI\u00d1A, 1<\/td><td class=\"column-3\">23660<\/td><td class=\"column-4\">ALCAUDETE<\/td><td class=\"column-5\">JAEN<\/td>\n<\/tr>\n<tr class=\"row-15 odd\">\n\t<td class=\"column-1\">IDEA BAENA S.L.<\/td><td class=\"column-2\">CALLE CARDENAL HERRANZA CASADO, 38 <\/td><td class=\"column-3\">14850<\/td><td class=\"column-4\">BAENA<\/td><td class=\"column-5\">CORDOBA<\/td>\n<\/tr>\n<tr class=\"row-16 even\">\n\t<td class=\"column-1\">MILAR ORDO\u00d1EZ <\/td><td class=\"column-2\">CALLE SALVADOR MU\u00d1OZ, 26<\/td><td class=\"column-3\">14850<\/td><td class=\"column-4\">BAENA<\/td><td class=\"column-5\">CORDOBA<\/td>\n<\/tr>\n<tr class=\"row-17 odd\">\n\t<td class=\"column-1\">MILAR MORENO MORILLO<\/td><td class=\"column-2\">CALLE REDONDO MARQUEZ, 39<\/td><td class=\"column-3\">14940<\/td><td class=\"column-4\">CABRA<\/td><td class=\"column-5\">CORDOBA<\/td>\n<\/tr>\n<tr class=\"row-18 even\">\n\t<td class=\"column-1\">ELECTRODOMESTICOS JAVIER MARQUEZ<\/td><td class=\"column-2\">CALLE DIONISIO ALCALA GALIANO, 14<\/td><td class=\"column-3\">14940<\/td><td class=\"column-4\">CABRA<\/td><td class=\"column-5\">CORDOBA<\/td>\n<\/tr>\n<tr class=\"row-19 odd\">\n\t<td class=\"column-1\">ELECTRONICA HNOS RUIZ<\/td><td class=\"column-2\">AVENIDA PEDRO IGLESIAS, 13<\/td><td class=\"column-3\">14940<\/td><td class=\"column-4\">CABRA<\/td><td class=\"column-5\">CORDOBA<\/td>\n<\/tr>\n<tr class=\"row-20 even\">\n\t<td class=\"column-1\">COMERCIAL JIMESA,S.L<\/td><td class=\"column-2\">CALLE BARAHONA DE SOTO, 12<\/td><td class=\"column-3\">19940<\/td><td class=\"column-4\">CABRA<\/td><td class=\"column-5\">CORDOBA<\/td>\n<\/tr>\n<tr class=\"row-21 odd\">\n\t<td class=\"column-1\">INFORELECTRONIC<\/td><td class=\"column-2\">CALLE MIO CID, 5<\/td><td class=\"column-3\">14940<\/td><td class=\"column-4\">CABRA<\/td><td class=\"column-5\">CORDOBA<\/td>\n<\/tr>\n<tr class=\"row-22 even\">\n\t<td class=\"column-1\">ELECTRONICA CANO SL <\/td><td class=\"column-2\">AVENIDA ANDALUCIA, 81<\/td><td class=\"column-3\">14940<\/td><td class=\"column-4\">CABRA<\/td><td class=\"column-5\">CORDOBA<\/td>\n<\/tr>\n<tr class=\"row-23 odd\">\n\t<td class=\"column-1\">ELECTRODOMESTICOS PULIDO Y PEREZ SL<\/td><td class=\"column-2\">CALLE REYES CATOLICOS, 5 <\/td><td class=\"column-3\">23670<\/td><td class=\"column-4\">CASTILLO DE LOCUBIN<\/td><td class=\"column-5\">JAEN<\/td>\n<\/tr>\n<tr class=\"row-24 even\">\n\t<td class=\"column-1\">MILAR VILLATORO<\/td><td class=\"column-2\">CALLE ALTA, 26<\/td><td class=\"column-3\">14840<\/td><td class=\"column-4\">CASTRO DEL RIO<\/td><td class=\"column-5\">CORDOBA<\/td>\n<\/tr>\n<tr class=\"row-25 odd\">\n\t<td class=\"column-1\">ELECTROBADO CB <\/td><td class=\"column-2\">PLAZA LARITO, 1<\/td><td class=\"column-3\">14860<\/td><td class=\"column-4\">DO\u00d1A MENCIA<\/td><td class=\"column-5\">CORDOBA<\/td>\n<\/tr>\n<tr class=\"row-26 even\">\n\t<td class=\"column-1\">MILAR LOMINA<\/td><td class=\"column-2\">AVENIDA JUAN CARLOS I, 46<\/td><td class=\"column-3\">14520<\/td><td class=\"column-4\">FERNAN NU\u00d1EZ<\/td><td class=\"column-5\">CORDOBA<\/td>\n<\/tr>\n<tr class=\"row-27 odd\">\n\t<td class=\"column-1\">COMERCIAL DE ARROYO DE MONTEMAYOR SL - FERNAN NU\u00d1EZ<\/td><td class=\"column-2\">PASEO DE SANTA  MARINA, 22<\/td><td class=\"column-3\">14530<\/td><td class=\"column-4\">FERNAN NU\u00d1EZ<\/td><td class=\"column-5\">CORDOBA<\/td>\n<\/tr>\n<tr class=\"row-28 even\">\n\t<td class=\"column-1\">MILAR ENRIQUE RUZ<\/td><td class=\"column-2\">AVENIDA DE CERVANTES, 4<\/td><td class=\"column-3\">14540<\/td><td class=\"column-4\">LA RAMBLA<\/td><td class=\"column-5\">CORDOBA<\/td>\n<\/tr>\n<tr class=\"row-29 odd\">\n\t<td class=\"column-1\">CAMESTIC SL<\/td><td class=\"column-2\">CALLE BARRIOS, 12<\/td><td class=\"column-3\">14540<\/td><td class=\"column-4\">LA RAMBLA<\/td><td class=\"column-5\">CORDOBA<\/td>\n<\/tr>\n<tr class=\"row-30 even\">\n\t<td class=\"column-1\">TIEN 21 GARCIA AGUILAR<\/td><td class=\"column-2\">CALLE BARRIOS, 7<\/td><td class=\"column-3\">14540<\/td><td class=\"column-4\">LA RAMBLA<\/td><td class=\"column-5\">CORDOBA<\/td>\n<\/tr>\n<tr class=\"row-31 odd\">\n\t<td class=\"column-1\">ELECTROMUEBLE MAGAR SL<\/td><td class=\"column-2\">AVENIDA PASEO DE LA VICTORIA, 12<\/td><td class=\"column-3\">14140<\/td><td class=\"column-4\">LA VICTORIA<\/td><td class=\"column-5\">CORDOBA<\/td>\n<\/tr>\n<tr class=\"row-32 even\">\n\t<td class=\"column-1\">ELECTRODOMESTICOS RELA\u00d1O SL<\/td><td class=\"column-2\">CALLE VICENTE REY, 69<\/td><td class=\"column-3\">23780<\/td><td class=\"column-4\">LOPERA<\/td><td class=\"column-5\">JAEN<\/td>\n<\/tr>\n<tr class=\"row-33 odd\">\n\t<td class=\"column-1\">MILAR LUCENA<\/td><td class=\"column-2\">CALLE EL PESO, 24<\/td><td class=\"column-3\">14900<\/td><td class=\"column-4\">LUCENA<\/td><td class=\"column-5\">CORDOBA<\/td>\n<\/tr>\n<tr class=\"row-34 even\">\n\t<td class=\"column-1\">ELECTRONICA PACHECO, SL<\/td><td class=\"column-2\">CALLE EL PESO, 60<\/td><td class=\"column-3\">14900<\/td><td class=\"column-4\">LUCENA<\/td><td class=\"column-5\">CORDOBA<\/td>\n<\/tr>\n<tr class=\"row-35 odd\">\n\t<td class=\"column-1\">TIEN 21 LUCENA<\/td><td class=\"column-2\">CALLE VERACRUZ, 15<\/td><td class=\"column-3\">14900<\/td><td class=\"column-4\">LUCENA<\/td><td class=\"column-5\">CORDOBA<\/td>\n<\/tr>\n<tr class=\"row-36 even\">\n\t<td class=\"column-1\">CANTIZANI ELECTRONICA SL<\/td><td class=\"column-2\">CALLE SANTIAGO, 20 BAJO<\/td><td class=\"column-3\">14900<\/td><td class=\"column-4\">LUCENA <\/td><td class=\"column-5\">CORDOBA<\/td>\n<\/tr>\n<tr class=\"row-37 odd\">\n\t<td class=\"column-1\">MILAR EL SUR<\/td><td class=\"column-2\">CALLE PRIMERO DE MAYO, 1<\/td><td class=\"column-3\">14548<\/td><td class=\"column-4\">MONTALBAN<\/td><td class=\"column-5\">CORDOBA<\/td>\n<\/tr>\n<tr class=\"row-38 even\">\n\t<td class=\"column-1\">MILAR MASOL<\/td><td class=\"column-2\">AVENIDA DE ANDALUCIA, 22<\/td><td class=\"column-3\">14550<\/td><td class=\"column-4\">MONTILLA<\/td><td class=\"column-5\">CORDOBA<\/td>\n<\/tr>\n<tr class=\"row-39 odd\">\n\t<td class=\"column-1\">ELECTRODOMESTICOS REDONDO<\/td><td class=\"column-2\">AVENIDA ANDALUCIA, 32<\/td><td class=\"column-3\">14550<\/td><td class=\"column-4\">MONTILLA<\/td><td class=\"column-5\">CORDOBA<\/td>\n<\/tr>\n<tr class=\"row-40 even\">\n\t<td class=\"column-1\">INDUSOFT SL<\/td><td class=\"column-2\">AVENIDA ANTONIO MIGUEL NAVARRO, 16<\/td><td class=\"column-3\">14550<\/td><td class=\"column-4\">MONTILLA<\/td><td class=\"column-5\">CORDOBA<\/td>\n<\/tr>\n<tr class=\"row-41 odd\">\n\t<td class=\"column-1\">DISANEL S.L<\/td><td class=\"column-2\">CALLE CORDOBA, 90<\/td><td class=\"column-3\">14510<\/td><td class=\"column-4\">MORILES<\/td><td class=\"column-5\">CORDOBA<\/td>\n<\/tr>\n<tr class=\"row-42 even\">\n\t<td class=\"column-1\">ELECTROJOVI SL <\/td><td class=\"column-2\">CALLE LLANA, 20<\/td><td class=\"column-3\">14857<\/td><td class=\"column-4\">NUEVA CARTEYA<\/td><td class=\"column-5\">CORDOBA<\/td>\n<\/tr>\n<tr class=\"row-43 odd\">\n\t<td class=\"column-1\">BUENROSTRO S.L<\/td><td class=\"column-2\">CALLE DE SAN MARCOS, 66<\/td><td class=\"column-3\">14800<\/td><td class=\"column-4\">PRIEGO DE CORDOBA<\/td><td class=\"column-5\">CORDOBA<\/td>\n<\/tr>\n<tr class=\"row-44 even\">\n\t<td class=\"column-1\">MILAR PRIEGO<\/td><td class=\"column-2\">CALLE CAVA, 19<\/td><td class=\"column-3\">14800<\/td><td class=\"column-4\">PRIEGO DE CORDOBA<\/td><td class=\"column-5\">CORDOBA<\/td>\n<\/tr>\n<tr class=\"row-45 odd\">\n\t<td class=\"column-1\">SENADEL<\/td><td class=\"column-2\">CALLE MESONES, 10<\/td><td class=\"column-3\">14800<\/td><td class=\"column-4\">PRIEGO DE CORDOBA<\/td><td class=\"column-5\">CORDOBA<\/td>\n<\/tr>\n<tr class=\"row-46 even\">\n\t<td class=\"column-1\">COMERCIAL ALEXIS C.B<\/td><td class=\"column-2\">CALLE CARRERA DE LAS MONJAS, 31<\/td><td class=\"column-3\">14800<\/td><td class=\"column-4\">PRIEGO DE CORDOBA<\/td><td class=\"column-5\">CORDOBA<\/td>\n<\/tr>\n<tr class=\"row-47 odd\">\n\t<td class=\"column-1\">MMTIENDA<\/td><td class=\"column-2\">CALLE CRISTOBAL CASTILLO, 3<\/td><td class=\"column-3\">14500<\/td><td class=\"column-4\">PUENTE GENIL<\/td><td class=\"column-5\">CORDOBA<\/td>\n<\/tr>\n<tr class=\"row-48 even\">\n\t<td class=\"column-1\">MUEBLES Y ELECTRODOMESTICOS MU\u00d1OZ<\/td><td class=\"column-2\">CALLE CUESTA DEL MOLINO, 36<\/td><td class=\"column-3\">14500<\/td><td class=\"column-4\">PUENTE GENIL<\/td><td class=\"column-5\">CORDOBA<\/td>\n<\/tr>\n<tr class=\"row-49 odd\">\n\t<td class=\"column-1\">COCINAS PERALTA SL<\/td><td class=\"column-2\">POLIGONO INDUSTRIAL HUERTO DEL FRANCES, CALLE MEMBRILLERAS, 6, NAVE 11<\/td><td class=\"column-3\">14500<\/td><td class=\"column-4\">PUENTE GENIL<\/td><td class=\"column-5\">CORDOBA<\/td>\n<\/tr>\n<tr class=\"row-50 even\">\n\t<td class=\"column-1\">MILAR REDONDO<\/td><td class=\"column-2\">CALLE SUSANA BENITEZ, 48<\/td><td class=\"column-3\">14500<\/td><td class=\"column-4\">PUENTE GENIL<\/td><td class=\"column-5\">CORDOBA<\/td>\n<\/tr>\n<tr class=\"row-51 odd\">\n\t<td class=\"column-1\">ELECTRODOMESTICOS GH EL CATALAN SL<\/td><td class=\"column-2\">AVENIDA BLAS INFANTE,  52 BAJO<\/td><td class=\"column-3\">14960<\/td><td class=\"column-4\">RUTE<\/td><td class=\"column-5\">CORDOBA<\/td>\n<\/tr>\n<tr class=\"row-52 even\">\n\t<td class=\"column-1\">DISTRIBUCIONES ELECTRONICAS ALMAUZ S,L<\/td><td class=\"column-2\">CALLE LADERA, 8<\/td><td class=\"column-3\">23150<\/td><td class=\"column-4\">VALDEPE\u00d1AS DE JAEN<\/td><td class=\"column-5\">JAEN<\/td>\n<\/tr>\n<tr class=\"row-53 odd\">\n\t<td class=\"column-1\">MILAR M.MONTILLA<\/td><td class=\"column-2\">CALLE DE LA FERIA, NUMERO 53<\/td><td class=\"column-3\">14670<\/td><td class=\"column-4\">VALENZUELA<\/td><td class=\"column-5\">CORDOBA<\/td>\n<\/tr>\n<tr class=\"row-54 even\">\n\t<td class=\"column-1\">MILAR RONCIL<\/td><td class=\"column-2\">PLAZA DOCTOR GREGORIO GRACIA, NUMERO 2 <\/td><td class=\"column-3\">14710<\/td><td class=\"column-4\">VILLARRUBIA<\/td><td class=\"column-5\">CORDOBA<\/td>\n<\/tr>\n<\/tbody>\n<\/table>\n<!-- #tablepress-11 from cache -->\n","protected":false},"excerpt":{"rendered":"","protected":false},"author":1,"featured_media":0,"parent":11227,"menu_order":0,"comment_status":"open","ping_status":"open","template":"","meta":[],"_links":{"self":[{"href":"https:\/\/www.fael.es\/electroimplicate\/wp-json\/wp\/v2\/pages\/11260"}],"collection":[{"href":"https:\/\/www.fael.es\/electroimplicate\/wp-json\/wp\/v2\/pages"}],"about":[{"href":"https:\/\/www.fael.es\/electroimplicate\/wp-json\/wp\/v2\/types\/page"}],"author":[{"embeddable":true,"href":"https:\/\/www.fael.es\/electroimplicate\/wp-json\/wp\/v2\/users\/1"}],"replies":[{"embeddable":true,"href":"https:\/\/www.fael.es\/electroimplicate\/wp-json\/wp\/v2\/comments?post=11260"}],"version-history":[{"count":1,"href":"https:\/\/www.fael.es\/electroimplicate\/wp-json\/wp\/v2\/pages\/11260\/revisions"}],"predecessor-version":[{"id":11261,"href":"https:\/\/www.fael.es\/electroimplicate\/wp-json\/wp\/v2\/pages\/11260\/revisions\/11261"}],"up":[{"embeddable":true,"href":"https:\/\/www.fael.es\/electroimplicate\/wp-json\/wp\/v2\/pages\/11227"}],"wp:attachment":[{"href":"https:\/\/www.fael.es\/electroimplicate\/wp-json\/wp\/v2\/media?parent=11260"}],"curies":[{"name":"wp","href":"https:\/\/api.w.org\/{rel}","templated":true}]}}